{"id":273,"date":"2023-05-02T10:47:27","date_gmt":"2023-05-02T10:47:27","guid":{"rendered":"https:\/\/meulke.de\/?page_id=273"},"modified":"2023-05-02T10:47:27","modified_gmt":"2023-05-02T10:47:27","slug":"maklerwesen","status":"publish","type":"page","link":"https:\/\/meulke.de\/index.php\/maklerwesen\/","title":{"rendered":"Maklerwesen"},"content":{"rendered":"\n<div style=\"height:38px\" aria-hidden=\"true\" class=\"wp-block-spacer\"><\/div>\n\n\n\n<div class=\"wp-block-columns is-layout-flex wp-container-core-columns-is-layout-9d6595d7 wp-block-columns-is-layout-flex\">\n<div class=\"wp-block-column is-layout-flow wp-block-column-is-layout-flow\">\n<figure class=\"wp-block-image size-full\"><img loading=\"lazy\" decoding=\"async\" width=\"810\" height=\"1024\" src=\"https:\/\/meulke.de\/wp-content\/uploads\/2023\/04\/grafik-3.png\" alt=\"\" class=\"wp-image-439\" srcset=\"https:\/\/meulke.de\/wp-content\/uploads\/2023\/04\/grafik-3.png 810w, https:\/\/meulke.de\/wp-content\/uploads\/2023\/04\/grafik-3-237x300.png 237w, https:\/\/meulke.de\/wp-content\/uploads\/2023\/04\/grafik-3-768x971.png 768w, https:\/\/meulke.de\/wp-content\/uploads\/2023\/04\/grafik-3-700x885.png 700w, https:\/\/meulke.de\/wp-content\/uploads\/2023\/04\/grafik-3-316x400.png 316w\" sizes=\"auto, (max-width: 810px) 100vw, 810px\" \/><\/figure>\n<\/div>\n\n\n\n<div class=\"wp-block-column is-vertically-aligned-top is-layout-flow wp-block-column-is-layout-flow\">\n<h2 class=\"wp-block-heading\">Verkauf Ihrer Immobilie<\/h2>\n\n\n\n<div style=\"height:32px\" aria-hidden=\"true\" class=\"wp-block-spacer\"><\/div>\n\n\n\n<p class=\"has-text-align-left has-black-color has-text-color\" style=\"font-size:24px\">Gern sind wir f\u00fcr Sie da, wenn Sie erfahrene Ansprechpartner:innen f\u00fcr Ihren Immobilienverkauf ben\u00f6tigen. Im Verkaufsprozess verbinden wir Ihre pers\u00f6nlichen Vorstellungen mit unseren umfassenden Marktkenntnissen, um ein optimales Ergebnis zu erzielen. <\/p>\n\n\n\n<div class=\"wp-block-cover is-light\" style=\"min-height:270px;aspect-ratio:unset;\"><span aria-hidden=\"true\" class=\"wp-block-cover__background has-background-dim-100 has-background-dim\" style=\"background-color:#f6f6f6\"><\/span><div class=\"wp-block-cover__inner-container is-layout-flow wp-block-cover-is-layout-flow\">\n<div style=\"height:28px\" aria-hidden=\"true\" class=\"wp-block-spacer\"><\/div>\n\n\n\n<p class=\"has-text-align-left\" style=\"font-size:24px\">Kontaktieren Sie uns jetzt telefonisch, damit wir den Verkauf gemeinsam erfolgreich umsetzen k\u00f6nnen: <\/p>\n\n\n\n<p class=\"has-text-align-center\" style=\"font-size:24px\"><strong>(040) 68 19 74<\/strong><\/p>\n\n\n\n<p class=\"has-text-align-center\" style=\"font-size:24px\">Wir freuen uns auf Ihren Anruf!<\/p>\n<\/div><\/div>\n<\/div>\n<\/div>\n\n\n\n<div style=\"height:62px\" aria-hidden=\"true\" class=\"wp-block-spacer\"><\/div>\n","protected":false},"excerpt":{"rendered":"<p>Verkauf Ihrer Immobilie Gern sind wir f\u00fcr Sie da, wenn Sie erfahrene Ansprechpartner:innen f\u00fcr Ihren Immobilienverkauf ben\u00f6tigen. Im Verkaufsprozess verbinden wir Ihre pers\u00f6nlichen Vorstellungen mit unseren umfassenden Marktkenntnissen, um ein optimales Ergebnis zu erzielen.<\/p>\n","protected":false},"author":1,"featured_media":0,"parent":0,"menu_order":0,"comment_status":"closed","ping_status":"closed","template":"","meta":{"footnotes":""},"class_list":["post-273","page","type-page","status-publish","hentry"],"_links":{"self":[{"href":"https:\/\/meulke.de\/index.php\/wp-json\/wp\/v2\/pages\/273","targetHints":{"allow":["GET"]}}],"collection":[{"href":"https:\/\/meulke.de\/index.php\/wp-json\/wp\/v2\/pages"}],"about":[{"href":"https:\/\/meulke.de\/index.php\/wp-json\/wp\/v2\/types\/page"}],"author":[{"embeddable":true,"href":"https:\/\/meulke.de\/index.php\/wp-json\/wp\/v2\/users\/1"}],"replies":[{"embeddable":true,"href":"https:\/\/meulke.de\/index.php\/wp-json\/wp\/v2\/comments?post=273"}],"version-history":[{"count":39,"href":"https:\/\/meulke.de\/index.php\/wp-json\/wp\/v2\/pages\/273\/revisions"}],"predecessor-version":[{"id":605,"href":"https:\/\/meulke.de\/index.php\/wp-json\/wp\/v2\/pages\/273\/revisions\/605"}],"wp:attachment":[{"href":"https:\/\/meulke.de\/index.php\/wp-json\/wp\/v2\/media?parent=273"}],"curies":[{"name":"wp","href":"https:\/\/api.w.org\/{rel}","templated":true}]}}